{"version":"1.0","provider_name":"Edumas","provider_url":"https:\/\/edumas.gov.co\/inicio","author_name":"edumas","author_url":"https:\/\/edumas.gov.co\/inicio\/author\/edumas\/","title":"D\u00eda Internacional de la Defensa del Ecosistema Manglar - Edumas","type":"rich","width":600,"height":338,"html":"<blockquote class=\"wp-embedded-content\" data-secret=\"oldSMjREl8\"><a href=\"https:\/\/edumas.gov.co\/inicio\/2026\/07\/26\/dia-internacional-de-la-defensa-del-ecosistema-manglar\/\">D\u00eda Internacional de la Defensa del Ecosistema Manglar<\/a><\/blockquote><iframe sandbox=\"allow-scripts\" security=\"restricted\" src=\"https:\/\/edumas.gov.co\/inicio\/2026\/07\/26\/dia-internacional-de-la-defensa-del-ecosistema-manglar\/embed\/#?secret=oldSMjREl8\" width=\"600\" height=\"338\" title=\"\u00abD\u00eda Internacional de la Defensa del Ecosistema Manglar\u00bb \u2014 Edumas\" data-secret=\"oldSMjREl8\" frameborder=\"0\" marginwidth=\"0\" marginheight=\"0\" scrolling=\"no\" class=\"wp-embedded-content\"><\/iframe><script>\n\/*! This file is auto-generated *\/\n!function(d,l){\"use strict\";l.querySelector&&d.addEventListener&&\"undefined\"!=typeof URL&&(d.wp=d.wp||{},d.wp.receiveEmbedMessage||(d.wp.receiveEmbedMessage=function(e){var t=e.data;if((t||t.secret||t.message||t.value)&&!\/[^a-zA-Z0-9]\/.test(t.secret)){for(var s,r,n,a=l.querySelectorAll('iframe[data-secret=\"'+t.secret+'\"]'),o=l.querySelectorAll('blockquote[data-secret=\"'+t.secret+'\"]'),c=new RegExp(\"^https?:$\",\"i\"),i=0;i<o.length;i++)o[i].style.display=\"none\";for(i=0;i<a.length;i++)s=a[i],e.source===s.contentWindow&&(s.removeAttribute(\"style\"),\"height\"===t.message?(1e3<(r=parseInt(t.value,10))?r=1e3:~~r<200&&(r=200),s.height=r):\"link\"===t.message&&(r=new URL(s.getAttribute(\"src\")),n=new URL(t.value),c.test(n.protocol))&&n.host===r.host&&l.activeElement===s&&(d.top.location.href=t.value))}},d.addEventListener(\"message\",d.wp.receiveEmbedMessage,!1),l.addEventListener(\"DOMContentLoaded\",function(){for(var e,t,s=l.querySelectorAll(\"iframe.wp-embedded-content\"),r=0;r<s.length;r++)(t=(e=s[r]).getAttribute(\"data-secret\"))||(t=Math.random().toString(36).substring(2,12),e.src+=\"#?secret=\"+t,e.setAttribute(\"data-secret\",t)),e.contentWindow.postMessage({message:\"ready\",secret:t},\"*\")},!1)))}(window,document);\n\/\/# sourceURL=https:\/\/edumas.gov.co\/wp-includes\/js\/wp-embed.min.js\n<\/script>\n","thumbnail_url":"https:\/\/edumas.gov.co\/wp-content\/uploads\/2026\/08\/WEB-2026-Fechas-ambientales-3-2.png","thumbnail_width":940,"thumbnail_height":788,"description":"Julio 26 &#8211; Establecido por la UNESCO en 2015, este D\u00eda concientiza sobre la importancia de los manglares y promueve su conservaci\u00f3n sostenible. Se eligi\u00f3 esta fecha, en memoria del activista ambiental\u00a0Hayhow Daniel Nanoto, que muri\u00f3 de un paro cardiaco el 26 de julio de 1998, mientras ejerc\u00eda acciones de protesta contra un estanque ilegal [&hellip;]"}

Día Internacional de la Defensa del Ecosistema Manglar - Edumas

<blockquote class="wp-embedded-content" data-secret="oldSMjREl8"><a href="https://edumas.gov.co/inicio/2026/07/26/dia-internacional-de-la-defensa-del-ecosistema-manglar/">Día Internacional de la Defensa del Ecosistema Manglar</a></blockquote><iframe sandbox="allow-scripts" security="restricted" src="https://edumas.gov.co/inicio/2026/07/26/dia-internacional-de-la-defensa-del-ecosistema-manglar/embed/#?secret=oldSMjREl8" width="600" height="338" title="«Día Internacional de la Defensa del Ecosistema Manglar» — Edumas" data-secret="oldSMjREl8" frameborder="0" marginwidth="0" marginheight="0" scrolling="no" class="wp-embedded-content"></iframe><script>
/*! This file is auto-generated */
!function(d,l){"use strict";l.querySelector&&d.addEventListener&&"undefined"!=typeof URL&&(d.wp=d.wp||{},d.wp.receiveEmbedMessage||(d.wp.receiveEmbedMessage=function(e){var t=e.data;if((t||t.secret||t.message||t.value)&&!/[^a-zA-Z0-9]/.test(t.secret)){for(var s,r,n,a=l.querySelectorAll('iframe[data-secret="'+t.secret+'"]'),o=l.querySelectorAll('blockquote[data-secret="'+t.secret+'"]'),c=new RegExp("^https?:$","i"),i=0;i<o.length;i++)o[i].style.display="none";for(i=0;i<a.length;i++)s=a[i],e.source===s.contentWindow&&(s.removeAttribute("style"),"height"===t.message?(1e3<(r=parseInt(t.value,10))?r=1e3:~~r<200&&(r=200),s.height=r):"link"===t.message&&(r=new URL(s.getAttribute("src")),n=new URL(t.value),c.test(n.protocol))&&n.host===r.host&&l.activeElement===s&&(d.top.location.href=t.value))}},d.addEventListener("message",d.wp.receiveEmbedMessage,!1),l.addEventListener("DOMContentLoaded",function(){for(var e,t,s=l.querySelectorAll("iframe.wp-embedded-content"),r=0;r<s.length;r++)(t=(e=s[r]).getAttribute("data-secret"))||(t=Math.random().toString(36).substring(2,12),e.src+="#?secret="+t,e.setAttribute("data-secret",t)),e.contentWindow.postMessage({message:"ready",secret:t},"*")},!1)))}(window,document);
//# sourceURL=https://edumas.gov.co/wp-includes/js/wp-embed.min.js
</script>

Julio 26 &#8211; Establecido por la UNESCO en 2015, este Día concientiza sobre la importancia de los manglares y promueve su conservación sostenible. Se eligió esta fecha, en memoria del activista ambiental Hayhow Daniel Nanoto, que murió de un paro cardiaco el 26 de julio de 1998, mientras ejercía acciones de protesta contra un estanque ilegal [&hellip;]
